{"id":451,"date":"2020-04-28T00:05:57","date_gmt":"2020-04-28T00:05:57","guid":{"rendered":"https:\/\/avatud.tthk.ee\/?page_id=451"},"modified":"2020-05-01T03:59:07","modified_gmt":"2020-05-01T03:59:07","slug":"autokeretehnik","status":"publish","type":"page","link":"https:\/\/avatud.tthk.ee\/?page_id=451","title":{"rendered":"Autokeretehnik"},"content":{"rendered":"\n<p class=\"has-text-color has-medium-font-size has-vivid-red-color\">\u00d5ppevorm ja tase<\/p>\n\n\n\n<p>Keskhariduse baasil mittestatsionaarne 4 taseme j\u00e4tku\u00f5pe, kestvusega 6 kuud.<\/p>\n\n\n\n<p class=\"has-text-color has-medium-font-size has-vivid-red-color\">Eriala iseloomustus<\/p>\n\n\n\n<p>Autokeretehnik hindab autokere kahjustusi, teeb autokere m\u00f5\u00f5t\u00f5gvendust\u00f6id,&nbsp; vahetab ja remondib keredetaile. Tunneb autokere remonditehnoloogiaid ning elektri-, mugavus- ja ohutuss\u00fcsteeme, komplekteerib s\u00f5idukeid.<\/p>\n\n\n\n<p>Valik\u00f5pingute raames \u00f5pib alumiiniumi keevitust, kliendin\u00f5ustamist, elektri ja h\u00fcbriids\u00f5idukeid<\/p>\n\n\n\n<p class=\"has-text-color has-medium-font-size has-vivid-red-color\">Vastuv\u00f5tu tingimused<\/p>\n\n\n\n<p>Vastuv\u00f5tt toimub keskkooli tunnistuse ja hinnetelehel olevate hinnete keskmise j\u00e4rgi koostatud pingerea alusel.&nbsp;K\u00f5igi soovijatega viiakse l\u00e4bi vestlus 11.08.2020 kell 10:00. Kontakt raivo.kruusik@tthk.ee<\/p>\n\n\n\n<p>V\u00f5tame vastu eesti keelseid \u00f5ppijaid<\/p>\n\n\n\n<p class=\"has-text-color has-medium-font-size has-vivid-red-color\">\u00d5ppekava<\/p>\n","protected":false},"excerpt":{"rendered":"<p>\u00d5ppevorm ja tase Keskhariduse baasil mittestatsionaarne 4 taseme j\u00e4tku\u00f5pe, kestvusega 6 kuud. Eriala iseloomustus Autokeretehnik hindab autokere kahjustusi, teeb autokere m\u00f5\u00f5t\u00f5gvendust\u00f6id,&nbsp; vahetab ja remondib keredetaile. Tunneb autokere remonditehnoloogiaid ning elektri-, mugavus- ja ohutuss\u00fcsteeme, komplekteerib s\u00f5idukeid. Valik\u00f5pingute raames \u00f5pib alumiiniumi keevitust, kliendin\u00f5ustamist, elektri ja h\u00fcbriids\u00f5idukeid Vastuv\u00f5tu tingimused Vastuv\u00f5tt toimub keskkooli tunnistuse ja hinnetelehel olevate hinnete keskmise &hellip; <\/p>\n<p class=\"link-more\"><a href=\"https:\/\/avatud.tthk.ee\/?page_id=451\" class=\"more-link\">Loe edasi<span class=\"screen-reader-text\"> &#8220;Autokeretehnik&#8221;<\/span><\/a><\/p>\n","protected":false},"author":3,"featured_media":0,"parent":465,"menu_order":0,"comment_status":"closed","ping_status":"closed","template":"","meta":{"footnotes":""},"class_list":["post-451","page","type-page","status-publish","hentry"],"yoast_head":"<!-- This site is optimized with the Yoast SEO plugin v22.5 - https:\/\/yoast.com\/wordpress\/plugins\/seo\/ -->\n<title>Autokeretehnik -<\/title>\n<meta name=\"robots\" content=\"index, follow, max-snippet:-1, max-image-preview:large, max-video-preview:-1\" \/>\n<link rel=\"canonical\" href=\"https:\/\/avatud.tthk.ee\/?page_id=451\" \/>\n<meta property=\"og:locale\" content=\"et_EE\" \/>\n<meta property=\"og:type\" content=\"article\" \/>\n<meta property=\"og:title\" content=\"Autokeretehnik -\" \/>\n<meta property=\"og:description\" content=\"\u00d5ppevorm ja tase Keskhariduse baasil mittestatsionaarne 4 taseme j\u00e4tku\u00f5pe, kestvusega 6 kuud. Eriala iseloomustus Autokeretehnik hindab autokere kahjustusi, teeb autokere m\u00f5\u00f5t\u00f5gvendust\u00f6id,&nbsp; vahetab ja remondib keredetaile. Tunneb autokere remonditehnoloogiaid ning elektri-, mugavus- ja ohutuss\u00fcsteeme, komplekteerib s\u00f5idukeid. Valik\u00f5pingute raames \u00f5pib alumiiniumi keevitust, kliendin\u00f5ustamist, elektri ja h\u00fcbriids\u00f5idukeid Vastuv\u00f5tu tingimused Vastuv\u00f5tt toimub keskkooli tunnistuse ja hinnetelehel olevate hinnete keskmise &hellip; Loe edasi &quot;Autokeretehnik&quot;\" \/>\n<meta property=\"og:url\" content=\"https:\/\/avatud.tthk.ee\/?page_id=451\" \/>\n<meta property=\"article:modified_time\" content=\"2020-05-01T03:59:07+00:00\" \/>\n<meta name=\"twitter:card\" content=\"summary_large_image\" \/>\n<script type=\"application\/ld+json\" class=\"yoast-schema-graph\">{\"@context\":\"https:\/\/schema.org\",\"@graph\":[{\"@type\":\"WebPage\",\"@id\":\"https:\/\/avatud.tthk.ee\/?page_id=451\",\"url\":\"https:\/\/avatud.tthk.ee\/?page_id=451\",\"name\":\"Autokeretehnik -\",\"isPartOf\":{\"@id\":\"https:\/\/avatud.tthk.ee\/#website\"},\"datePublished\":\"2020-04-28T00:05:57+00:00\",\"dateModified\":\"2020-05-01T03:59:07+00:00\",\"breadcrumb\":{\"@id\":\"https:\/\/avatud.tthk.ee\/?page_id=451#breadcrumb\"},\"inLanguage\":\"et\",\"potentialAction\":[{\"@type\":\"ReadAction\",\"target\":[\"https:\/\/avatud.tthk.ee\/?page_id=451\"]}]},{\"@type\":\"BreadcrumbList\",\"@id\":\"https:\/\/avatud.tthk.ee\/?page_id=451#breadcrumb\",\"itemListElement\":[{\"@type\":\"ListItem\",\"position\":1,\"name\":\"Home\",\"item\":\"https:\/\/avatud.tthk.ee\/\"},{\"@type\":\"ListItem\",\"position\":2,\"name\":\"Erialad\",\"item\":\"https:\/\/avatud.tthk.ee\/?page_id=86\"},{\"@type\":\"ListItem\",\"position\":3,\"name\":\"Keskkooli baasil\",\"item\":\"https:\/\/avatud.tthk.ee\/?page_id=99\"},{\"@type\":\"ListItem\",\"position\":4,\"name\":\"Transporditehnika\",\"item\":\"https:\/\/avatud.tthk.ee\/?page_id=219\"},{\"@type\":\"ListItem\",\"position\":5,\"name\":\"J\u00e4tku\u00f5pe\",\"item\":\"https:\/\/avatud.tthk.ee\/?page_id=465\"},{\"@type\":\"ListItem\",\"position\":6,\"name\":\"Autokeretehnik\"}]},{\"@type\":\"WebSite\",\"@id\":\"https:\/\/avatud.tthk.ee\/#website\",\"url\":\"https:\/\/avatud.tthk.ee\/\",\"name\":\"\",\"description\":\"\",\"potentialAction\":[{\"@type\":\"SearchAction\",\"target\":{\"@type\":\"EntryPoint\",\"urlTemplate\":\"https:\/\/avatud.tthk.ee\/?s={search_term_string}\"},\"query-input\":\"required name=search_term_string\"}],\"inLanguage\":\"et\"}]}<\/script>\n<!-- \/ Yoast SEO plugin. -->","yoast_head_json":{"title":"Autokeretehnik -","robots":{"index":"index","follow":"follow","max-snippet":"max-snippet:-1","max-image-preview":"max-image-preview:large","max-video-preview":"max-video-preview:-1"},"canonical":"https:\/\/avatud.tthk.ee\/?page_id=451","og_locale":"et_EE","og_type":"article","og_title":"Autokeretehnik -","og_description":"\u00d5ppevorm ja tase Keskhariduse baasil mittestatsionaarne 4 taseme j\u00e4tku\u00f5pe, kestvusega 6 kuud. Eriala iseloomustus Autokeretehnik hindab autokere kahjustusi, teeb autokere m\u00f5\u00f5t\u00f5gvendust\u00f6id,&nbsp; vahetab ja remondib keredetaile. Tunneb autokere remonditehnoloogiaid ning elektri-, mugavus- ja ohutuss\u00fcsteeme, komplekteerib s\u00f5idukeid. Valik\u00f5pingute raames \u00f5pib alumiiniumi keevitust, kliendin\u00f5ustamist, elektri ja h\u00fcbriids\u00f5idukeid Vastuv\u00f5tu tingimused Vastuv\u00f5tt toimub keskkooli tunnistuse ja hinnetelehel olevate hinnete keskmise &hellip; Loe edasi \"Autokeretehnik\"","og_url":"https:\/\/avatud.tthk.ee\/?page_id=451","article_modified_time":"2020-05-01T03:59:07+00:00","twitter_card":"summary_large_image","schema":{"@context":"https:\/\/schema.org","@graph":[{"@type":"WebPage","@id":"https:\/\/avatud.tthk.ee\/?page_id=451","url":"https:\/\/avatud.tthk.ee\/?page_id=451","name":"Autokeretehnik -","isPartOf":{"@id":"https:\/\/avatud.tthk.ee\/#website"},"datePublished":"2020-04-28T00:05:57+00:00","dateModified":"2020-05-01T03:59:07+00:00","breadcrumb":{"@id":"https:\/\/avatud.tthk.ee\/?page_id=451#breadcrumb"},"inLanguage":"et","potentialAction":[{"@type":"ReadAction","target":["https:\/\/avatud.tthk.ee\/?page_id=451"]}]},{"@type":"BreadcrumbList","@id":"https:\/\/avatud.tthk.ee\/?page_id=451#breadcrumb","itemListElement":[{"@type":"ListItem","position":1,"name":"Home","item":"https:\/\/avatud.tthk.ee\/"},{"@type":"ListItem","position":2,"name":"Erialad","item":"https:\/\/avatud.tthk.ee\/?page_id=86"},{"@type":"ListItem","position":3,"name":"Keskkooli baasil","item":"https:\/\/avatud.tthk.ee\/?page_id=99"},{"@type":"ListItem","position":4,"name":"Transporditehnika","item":"https:\/\/avatud.tthk.ee\/?page_id=219"},{"@type":"ListItem","position":5,"name":"J\u00e4tku\u00f5pe","item":"https:\/\/avatud.tthk.ee\/?page_id=465"},{"@type":"ListItem","position":6,"name":"Autokeretehnik"}]},{"@type":"WebSite","@id":"https:\/\/avatud.tthk.ee\/#website","url":"https:\/\/avatud.tthk.ee\/","name":"","description":"","potentialAction":[{"@type":"SearchAction","target":{"@type":"EntryPoint","urlTemplate":"https:\/\/avatud.tthk.ee\/?s={search_term_string}"},"query-input":"required name=search_term_string"}],"inLanguage":"et"}]}},"jetpack_sharing_enabled":true,"_links":{"self":[{"href":"https:\/\/avatud.tthk.ee\/index.php?rest_route=\/wp\/v2\/pages\/451","targetHints":{"allow":["GET"]}}],"collection":[{"href":"https:\/\/avatud.tthk.ee\/index.php?rest_route=\/wp\/v2\/pages"}],"about":[{"href":"https:\/\/avatud.tthk.ee\/index.php?rest_route=\/wp\/v2\/types\/page"}],"author":[{"embeddable":true,"href":"https:\/\/avatud.tthk.ee\/index.php?rest_route=\/wp\/v2\/users\/3"}],"replies":[{"embeddable":true,"href":"https:\/\/avatud.tthk.ee\/index.php?rest_route=%2Fwp%2Fv2%2Fcomments&post=451"}],"version-history":[{"count":4,"href":"https:\/\/avatud.tthk.ee\/index.php?rest_route=\/wp\/v2\/pages\/451\/revisions"}],"predecessor-version":[{"id":631,"href":"https:\/\/avatud.tthk.ee\/index.php?rest_route=\/wp\/v2\/pages\/451\/revisions\/631"}],"up":[{"embeddable":true,"href":"https:\/\/avatud.tthk.ee\/index.php?rest_route=\/wp\/v2\/pages\/465"}],"wp:attachment":[{"href":"https:\/\/avatud.tthk.ee\/index.php?rest_route=%2Fwp%2Fv2%2Fmedia&parent=451"}],"curies":[{"name":"wp","href":"https:\/\/api.w.org\/{rel}","templated":true}]}}